 are the prime factors of o?
2, 3
Suppose 0 = -y - 133 + 187. What are the prime factors of y?
2, 3
Suppose b = -3*q + 6*b + 97, 3*q - 87 = 3*b. Let f = q - 12. What are the prime factors of f?
2, 3
Suppose 0 = -2*y + 2*r + 158, -3*y - y + 296 = r. Suppose -o + y = 2*o. List the prime factors of o.
5
Suppose 0 = c - 2*c + 16. Suppose -p + 3*p - c = 0. What are the prime factors of p?
2
Let y = -10 - 19. Let i be (-1 + y)/(2 - 3). Suppose i + 39 = 3*w. What are the prime factors of w?
23
Let a(r) = r - 4. Let v be a(5). What are the prime factors of 21 - (-1 + (-2)/v)?
2, 3
Let t(u) = 2*u**2 + u - 4. What are the prime factors of t(3)?
17
Let u(i) = i + 11. Let f be u(-9). Suppose 0*p + f*p = 0. Suppose t + q + q - 12 = p, 0 = -2*q. List the prime factors of t.
2, 3
Let w = 222 - 115. What are the prime factors of w?
107
Let a be ((-2)/3 - 1)*-3. Suppose a*h - 33 = 77. What are the prime factors of 2/(-4*(-1)/h)?
11
Let g(v) = -v**2 - 11*v - 12. Let u be g(-8). Let r = u + -7. Let a = -2 + r. List the prime factors of a.
3
Suppose -f = f - 6. Suppose f*m - 30 = 3*c - 2*c, 2*m - 5*c - 7 = 0. List the prime factors of m.
11
Let j(y) = 2*y**3 - 2*y**2 + 2*y - 2. Let m be j(2). Let z(r) = -r + 20. What are the prime factors of z(m)?
2, 5
Suppose -2*o + 5 = 3*o, 4*m - 12 = 4*o. Suppose -p + 32 = m. Suppose 2*b - p = 2*y - 4*y, 0 = 2*b - 3*y - 48. List the prime factors of b.
2, 3
What are the prime factors of (415*6/150)/(1/5)?
83
Suppose -3*n = 5*h - 153, -h + 136 + 119 = 5*n. Suppose 5*f + 140 = f. Let k = f + n. List the prime factors of k.
2
Let n(k) = 3*k - 2. Let c be n(2). Suppose -5*z + 21 = 2*v, 3*z - z = c*v - 6. List the prime factors of v/(-2) + (-75)/(-6).
11
List the prime factors of 123/((-1)/(-1))*(-13)/(-13).
3, 41
Suppose 0 = 2*r - 45 - 51. Suppose 3*w - w = r. List the prime factors of w.
2, 3
Suppose 2*y - 3*y + 40 = -3*u, u = 2*y - 15. Let v = -1 - u. List the prime factors of v.
2, 3
Let s(u) = u**2 - 6*u + 7. Let o be s(6). List the prime factors of 21/o*(-13)/(-3).
13
Suppose b = -3*b + 1912. Suppose -3*z = o + b, -2*o - 2*o - 4*z = 1928. What are the prime factors of o/(-28) + (-4)/14?
17
Let x be (-3)/3 + 3 + 1. Let i(q) = q + 7. Let z be i(-5). Suppose 40 = z*y + x*y. List the prime factors of y.
2
Suppose 0 = 4*j - 0*j - 16. Let o = j - -3. What are the prime factors of o?
7
Suppose -3*v - 2 = 4. What are the prime factors of 913/22 + 3/v?
2, 5
Suppose 5*f = 6*f + 11. Let y = f + 18. What are the prime factors of y?
7
Suppose -3*a + b - 3*b = 425, b = 3*a + 422. List the prime factors of a/(-9) - 2/(-6).
2
Suppose 7*t - 2*t = 175. What are the prime factors of t?
5, 7
Let n(u) = 2*u + 7. Let a be n(8). Suppose 4*j - a = 3*j. List the prime factors of j.
23
Let m(j) = -j**3 + 8*j**2 + 2*j + 3. Let s be m(8). Let c = s + 10. What are the prime factors of c?
29
Let t be (-30)/(-8) + 3/(-4). Let c(y) = -6*y**2 - 3*y**2 - 10*y - 4*y**3 + 5*y**t - y**2 - 6. What are the prime factors of c(11)?
5
Suppose 3*l - 8*l = 4*v - 36, 3*l + 4 = 4*v. Suppose -5*f + 18 = l*r, 3*r - 6 = -3*f + 6. List the prime factors of 50/4 + 1/r.
13
Suppose 0 = -3*g + 5*g + 2. What are the prime factors of -14*3/6*g?
7
Suppose 0*k = -k. Suppose 2*d + d - 30 = k. Suppose -2*p + 3*x + d = 0, -5*p = -5*x + 6 - 36. What are the prime factors of p?
2
Suppose -12*m = -m - 473. What are the prime factors of m?
43
Suppose 4*k - f - f - 6 = 0, -2*k - 6 = -4*f. Suppose k*l = -0 + 9. Suppose -2*r + 28 = 2*d, 3*r - l*d - 8 = 4. List the prime factors of r.
3
Suppose 3*n = 5*n - 10. Suppose n*q - 156 = q. Suppose q = 4*a + 7. List the prime factors of a.
2
What are the prime factors of ((-26)/(-39))/(1/36)?
2, 3
Let m = -3 - -4. Let w = m - 1. Suppose -v = -w*v - 3. What are the prime factors of v?
3
Let z be -1*-6*2/(-4). List the prime factors of -5*(-1)/((-3)/z).
5
Let q(s) = -7*s - 6. What are the prime factors of q(-3)?
3, 5
Let z(h) = 4*h + 5. Let w(u) = -4*u - 6. Let g(m) = 6*w(m) + 7*z(m). Let k(d) = 2*d + 1. Let n be k(1). List the prime factors of g(n).
11
Suppose -554 = -5*y + 346. What are the prime factors of y?
2, 3, 5
Let n(f) = 0*f - 4*f**2 - 4*f + 6 + f**3 - 4*f. Let t be n(6). Suppose -4*h + t = -2. List the prime factors of h.
2
Let i(b) = 4*b + 2. Let x be i(2). Suppose 0 = -6*l + l + x. Suppose -3*z + 70 = -2*w, l*z - z = -4*w. What are the prime factors of z?
2, 5
Suppose -6*i = -i + 4*c - 133, 0 = 4*i - 2*c - 96. List the prime factors of i.
5
Let n = -46 + 93. What are the prime factors of n?
47
Suppose -2*p + 39 = p. List the prime factors of (-10)/65 - (-171)/p.
13
Let b(y) = -23*y + 3. Let i(v) = -11*v + 2. Let d(t) = -3*b(t) + 5*i(t). List the prime factors of d(2).
29
Suppose -3*z - 5*r = 6, 2*z = 4*r + 8 + 10. Suppose z*f + 27 = 111. List the prime factors of f.
2, 7
Suppose -2*z = 2*z - 16. Let a be (-1 + (-6)/z)*-2. Suppose -a*y - f + 17 + 6 = 0, 28 = 4*y + 4*f. List the prime factors of y.
2
Let x = -224 + 459. Suppose x = 4*b + b. Suppose 21 = 4*i - 3*f, -3*i - 2*f - 2*f = -b. List the prime factors of i.
3
Let t(p) = 24*p + 1. What are the prime factors of t(4)?
97
Let i be 1/(3 + (0 - 2)). What are the prime factors of (-3 + 8)*i - 0?
5
Let p = -12 + 28. What are the prime factors of p?
2
Let b = 3 - 0. Suppose 0 = -3*c + 9, -4*c + 27 - 78 = -b*v. What are the prime factors of v?
3, 7
Suppose -9*f = -4*f - 40. Suppose -t - f = -0*t + 4*c, -2*c = -t + 10. What are the prime factors of t?
2
Let i = 10 - 11. What are the prime factors of 5 + 2/(-1) + i?
2
Suppose 5*v = 80 + 30. List the prime factors of v.
2, 11
Let h(b) be the second derivative of b**4/12 + b**3/3 - 5*b**2/2 + 3*b. Let j = -10 - -6. What are the prime factors of h(j)?
3
Let o(r) = r + 1. Let d be o(-3). Let u(i) = 2*i**2 + i. What are the prime factors of u(d)?
2, 3
Let s(u) = -u**2 - 14*u - 6. Let c be s(-9). Suppose 5*d = 2*d + c. Suppose y - 2*y = -d. List the prime factors of y.
13
Suppose -4 = -2*o - 0. Let i be 2 + -1 + 0 + o. Suppose 7 = -i*v + 4*v. List the prime factors of v.
7
Suppose -5*f = -8 + 28. List the prime factors of 123/5 + f/(-10).
5
Let p(g) = -4*g**3 + g**2 - 3*g + 5. List the prime factors of p(-3).
131
Let q(n) = 14*n**2 - n + 1. List the prime factors of q(1).
2, 7
Let w(j) = -j**3 + 8*j**2 - 7*j + 4. What are the prime factors of w(5)?
2, 11
Let m(f) = -2 + 7*f + 3*f**3 - 6*f**2 - 2*f**3 - 2 + 3. What are the prime factors of m(5)?
3
Let m(z) = 9*z**2 + z + 21. Let f(t) = 4*t**2 + 10. Let j(n) = -13*f(n) + 6*m(n). What are the prime factors of j(-5)?
2
What are the prime factors of (4 - 1 - 0) + 41?
2, 11
Suppose 0*g + 4*g + 36 = 0. Let o be 3*1 + g + 9. Suppose -o*s - s + 8 = 0. List the prime factors of s.
2
Suppose 4*d = -0*d + 116. What are the prime factors of d?
29
Let t = 6 - 1. Suppose 3*j + 1 = -t. What are the prime factors of (-1)/2*j + 11?
2, 3
Suppose -6 = 4*b + 10. Let f = 11 + b. What are the prime factors of f?
7
Let o(y) = -y**2 - 6*y + 10. Let u be o(-7). Suppose n - 15 = 5*x - 1, 0 = u*n - 3*x - 54. What are the prime factors of n?
19
Let w(q) = q**2 - 4. Let l be -2*3/6*-3. Let j be w(l). Suppose -66 + 16 = -j*o. What are the prime factors of o?
2, 5
Suppose -d + 25 = 4*d. Let f be 3/5 + 12/d. Suppose 0*t + f*h = 3*t - 12, -t - 3*h = -4. List the prime factors of t.
2
List the prime factors of ((-132)/(-8))/(3/18).
3, 11
Let k be 15*-3*3/(-27). Suppose 4*q - 106 = -5*r - 0*q, 5*r - k*q = 70. List the prime factors of r.
2, 3
Let j = 2 - -4. List the prime factors of 6 - j - 2/(-1).
2
Let i(m) = -2*m + 7. Let f be i(6). What are the prime factors of f/5 - (-1 + -13)?
13
Let g(q) be the first derivative of -q**4/4 - 4*q**3 + 4*q + 1. Let k be g(-12). Let f = k - 1. What are the prime factors of f?
3
Let f = -2 - -3. Let h = -8 - -9. List the prime factors of (f + h)/2 + 2.
3
Suppose 0 = 10*f - 1532 + 182. List the prime factors of f.
3, 5
Let l(x) = -x + 6. Let b be l(2). Suppose 1 = -b*j + 41. What are the prime factors of j?
2, 5
Suppose -3*z = -22 - 20. What are the prime factors of z?
2, 7
Let o = -5 + 7. What are the prime factors of o/(-10) - (-480)/25?
19
Let b(v) = v + 10. Let g be b(0). What are the prime factors of (24/g)/((-12)/(-40))?
2
Suppose -f - 4*f + 35 = 0. Let p(i) be the third derivative of i**5/6